2, 3, 23, 139, 311
List the prime factors of 69214.
2, 34607
What are the prime factors of 293434?
2, 23, 6379
List the prime factors of 8067006.
2, 3, 31, 61, 79
What are the prime factors of 3904753?
3904753
List the prime factors of 379445.
5, 11, 6899
What are the prime factors of 295802?
2, 13, 31, 367
What are the prime factors of 882210?
2, 3, 5, 7, 4201
What are the prime factors of 74900?
2, 5, 7, 107
What are the prime factors of 217505?
5, 41, 1061
List the prime factors of 193498.
2, 96749
What are the prime factors of 683013?
3, 227671
What are the prime factors of 23989333?
73, 328621
What are the prime factors of 244987?
17, 14411
What are the prime factors of 12642564?
2, 3, 11, 8707
What are the prime factors of 160421?
59, 2719
List the prime factors of 2906885.
5, 581377
List the prime factors of 73373.
239, 307
List the prime factors of 556557.
3, 185519
List the prime factors of 67706.
2, 97, 349
What are the prime factors of 380782?
2, 190391
List the prime factors of 968934.
2, 3, 167, 967
List the prime factors of 647509.
647509
What are the prime factors of 128785?
5, 43, 599
List the prime factors of 1806924.
2, 3, 7, 439
What are the prime factors of 138204?
2, 3, 11, 349
What are the prime factors of 1432006?
2, 716003
List the prime factors of 2430751.
29, 79, 1061
What are the prime factors of 699856?
2, 17, 31, 83
List the prime factors of 4657075.
5, 186283
List the prime factors of 1269651.
3, 83, 5099
List the prime factors of 4654469.
4654469
List the prime factors of 3010826.
2, 7, 13, 71, 233
What are the prime factors of 2254785?
3, 5, 13, 31, 373
List the prime factors of 5282518.
2, 47, 56197
What are the prime factors of 3176870?
2, 5, 163, 1949
List the prime factors of 5876389.
5876389
List the prime factors of 26169.
3, 11, 13, 61
List the prime factors of 1173307.
19, 37, 1669
List the prime factors of 976773.
3, 7, 193, 241
List the prime factors of 410734.
2, 23, 8929
What are the prime factors of 6587851?
19, 109, 3181
List the prime factors of 291898.
2, 145949
What are the prime factors of 783305?
5, 41, 3821
What are the prime factors of 347634?
2, 3, 7, 31, 89
What are the prime factors of 386378?
2, 193189
What are the prime factors of 161049?
3, 7, 7669
What are the prime factors of 1965959?
1965959
What are the prime factors of 261943?
11, 23813
List the prime factors of 2869213.
2869213
What are the prime factors of 548334?
2, 3, 41, 743
List the prime factors of 108904.
2, 13613
List the prime factors of 3532935.
3, 5, 7, 33647
List the prime factors of 456004.
2, 114001
What are the prime factors of 627071?
627071
What are the prime factors of 169169?
7, 11, 13
What are the prime factors of 1316513?
11, 29, 4127
List the prime factors of 791279.
599, 1321
What are the prime factors of 3564669?
3, 1188223
What are the prime factors of 716218?
2, 358109
What are the prime factors of 30929103?
3, 17, 31, 6521
List the prime factors of 18487950.
2, 3, 5, 13, 19, 499
What are the prime factors of 1315113?
3, 31, 79, 179
What are the prime factors of 145854?
2, 3, 37, 73
List the prime factors of 1424954.
2, 712477
What are the prime factors of 500304?
2, 3, 7, 1489
List the prime factors of 549291.
3, 277, 661
What are the prime factors of 259941?
3, 11, 7877
What are the prime factors of 171579?
3, 57193
What are the prime factors of 483065?
5, 11, 8783
What are the prime factors of 595822?
2, 297911
What are the prime factors of 8239809?
3, 2746603
What are the prime factors of 4931875?
5, 13, 607
List the prime factors of 133958.
2, 11, 6089
What are the prime factors of 2365765?
5, 31, 15263
List the prime factors of 773299.
773299
List the prime factors of 68426.
2, 34213
What are the prime factors of 1208730?
2, 3, 5, 43, 937
What are the prime factors of 414706?
2, 101, 2053
List the prime factors of 632023.
7, 90289
List the prime factors of 6797346.
2, 3, 179, 6329
List the prime factors of 1585735.
5, 23, 13789
List the prime factors of 50355.
3, 5, 373
What are the prime factors of 142423?
73, 1951
What are the prime factors of 154347?
3, 51449
List the prime factors of 81806.
2, 40903
What are the prime factors of 4246919?
4246919
List the prime factors of 191642.
2, 11, 31, 281
List the prime factors of 13954880.
2, 5, 43609
What are the prime factors of 2966005?
5, 7, 83, 1021
What are the prime factors of 1034615?
5, 206923
List the prime factors of 573214.
2, 29, 9883
List the prime factors of 6862792.
2, 29, 29581
What are the prime factors of 467469?
3, 51941
List the prime factors of 2901070.
2, 5, 290107
What are the prime factors of 9719533?
101, 96233
What are the prime factors of 629213?
13, 29, 1669
List the prime factors of 3172197.
3, 7, 151057
What are the prime factors of 540050?
2, 5, 7, 1543
List the prime factors of 3378674.
2, 13, 29, 4481
List the prime factors of 9339226.
2, 13, 41, 8761
List the prime factors of 24195351.
3, 8065117
What are the prime factors of 16429299?
3, 5476433
What are the prime factors of 527310?
2, 3, 5, 7, 31
What are the prime factors of 1638098?
2, 7, 11, 967
What are the prime factors of 10516491?
3, 167, 6997
What are the prime factors of 7517696?
2, 14683
List the prime factors of 161038.
2, 73, 1103
What are the prime factors of 15588919?
43, 8431
What are the prime factors of 1146149?
37, 30977
List the prime factors of 1971062.
2, 985531
What are the prime factors of 14887690?
2, 5, 37, 40237
List the prime factors of 13787969.
13, 17, 89, 701
What are the prime factors of 2471541?
3, 751, 1097
What are the prime factors of 330338?
2, 331, 499
List the prime factors of 408528.
2, 3, 2837
List the prime factors of 626376.
2, 3, 26099
What are the prime factors of 128126?
2, 64063
List the prime factors of 453084.
2, 3, 17, 2221
List the prime factors of 2128748.
2, 532187
What are the prime factors of 7818653?
7818653
What are the prime factors of 719051?
53, 13567
What are the prime factors of 4924588?
2, 193, 6379
What are the prime factors of 3639165?
3, 5, 19, 113
What are the prime factors of 2841104?
2, 7, 25367
What are the prime factors of 2837586?
2, 3, 71, 6661
List the prime factors of 219249.
3, 17, 1433
List the prime factors of 2234863.
2234863
What are the prime factors of 2954505?
3, 5, 431, 457
List the prime factors of 23696145.
3, 5, 11, 197
List the prime factors of 14851693.
17, 281, 3109
What are the prime factors of 10531818?
2, 3, 11, 43, 1237
What are the prime factors of 10721714?
2, 5360857
List the prime factors of 6244049.
7, 17, 137, 383
List the prime factors of 18613336.
2, 7, 103, 461
List the prime factors of 2043539.
2043539
List the prime factors of 513783.
3, 6343
What are the prime factors of 1105396?
2, 103, 2683
What are the prime factors of 19495393?
71, 274583
List the prime factors of 3895620.
2, 3, 5, 64927
What are the prime factors of 12532583?
7, 255767
What are the prime factors of 8493195?
3, 5, 566213
What are the prime factors of 723405?
3, 5, 29, 1663
List the prime factors of 1744141.
7, 193, 1291
List the prime factors of 6039784.
2, 754973
List the prime factors of 1630313.
109, 14957
What are the prime factors of 526595?
5, 105319
What are the prime factors of 682361?
682361
What are the prime factors of 3124961?
7, 433, 1031
List the prime factors of 60458.
2, 19, 37, 43
What are the prime factors of 2798379?
3, 310931
What are the prime factors of 808545?
3, 5, 19, 2837
What are the prime factors of 9577528?
2, 17, 70423
List the prime factors of 100637.
157, 641
List the prime factors of 198548.
2, 7, 1013
List the prime factors of 96742.
2, 48371
What are the prime factors of 13559396?
2, 1453, 2333
What are the prime factors of 2367798?
2, 3, 394633
What are the prime factors of 23163859?
269, 86111
List the prime factors of 6609483.
3, 67, 97, 113
List the prime factors of 2731348.
2, 31, 22027
List the prime factors of 485605.
5, 17, 29, 197
What are the prime factors of 3756719?
103, 36473
List the prime factors of 472558.
2, 23, 10273
What are the prime factors of 1490049?
3, 11, 29, 173
What are the prime factors of 335337?
3, 111779
List the prime factors of 20894352.
2, 3, 67, 73, 89
What are the prime factors of 13222783?
7, 79, 23911
What are the prim